Suppose 5*j + 57 = a. Suppose -k + j = 3*v, -v - 45 = -4*k + 28. List the prime factors of k.
2, 3
Let s = 436 + -293. List the prime factors of s.
11, 13
Let p be (25 - -1)/((-1)/(-16)). Suppose -4*u + 4*i + p = -0*i, 2*u = 4*i + 216. List the prime factors of u.
2, 5
Suppose 34 = 2*r - 6. Suppose 4*l + 3*j = 164, l + r = 2*j + 50. List the prime factors of l.
2, 19
Suppose 2*a + 2709 = 7*a - r, 4*a - 5*r - 2163 = 0. What are the prime factors of a?
2, 271
Let r = -1424 + 2765. What are the prime factors of r?
3, 149
Let s = 204 + -120. Suppose 0 = -43*q + 46*q - s. What are the prime factors of q?
2, 7
Suppose -5*i + 6*i - 126 = 0. What are the prime factors of (i/12)/(6/40)?
2, 5, 7
Let p(w) be the first derivative of 73*w**2/2 - 4*w + 10. List the prime factors of p(3).
5, 43
Let x = 31 - 15. Suppose 0 = r + i - 4 - 0, -2*r + 4*i = x. Suppose 5*g - 5 - 235 = r. List the prime factors of g.
2, 3
Let h = -6 - -9. Suppose 0 = 4*c - h*c + 21. What are the prime factors of ((-36)/c - 2)*-7?
2
Let t be 4/(-7) - (-78)/14. Let i(a) = -a. Let y(d) = d**2 + d - 6. Let c(f) = 2*i(f) + y(f). List the prime factors of c(t).
2, 7
Let t be (-2)/(-4)*4*-1. Let k be (-63)/t*(-2)/(-3). Suppose -4*v = -81 + k. What are the prime factors of v?
3, 5
Suppose 0*k = -3*k + 24. Suppose k = 3*h - 157. What are the prime factors of h?
5, 11
Let j(q) = 2*q - 20. Let f be j(10). Suppose f = -5*a + 6*a - 2. List the prime factors of (a/(-4))/(10/(-80)).
2
Let x(z) = -17*z + 13. Let v(c) = 18*c - 13. Let s(a) = 2*v(a) + 3*x(a). List the prime factors of s(-9).
2, 37
Suppose -7*p = -21 + 7. Suppose 4*w + 28 = 4*d - 2*d, -p*w - 10 = 0. Suppose 4*h - 186 = 5*r + 48, -d*r - 8 = 0. What are the prime factors of h?
2, 7
Let g = 176 + -68. Suppose -h = -c + 3*c - g, 0 = 5*c - 5*h - 270. List the prime factors of c.
2, 3
Suppose 15185 = 16*b - 8271. What are the prime factors of b?
2, 733
Suppose -6*w = -4*w - 6. Suppose w*t - 25 = -2*t. Suppose -3*i - t*n + 96 = -i, -2*i + 120 = -n. What are the prime factors of i?
2, 29
Suppose -5*m = 4*o - 14899, 42*o = -4*m + 44*o + 11940. List the prime factors of m.
19, 157
Suppose -3*q = 4*p - 3, -2*p = 2*q - 0*q. Suppose -5*b + 21 = -2*b. Let k = b + q. What are the prime factors of k?
2
Suppose 5*n - 18 - 9 = 3*s, -2*n - 4*s + 16 = 0. Let m be 3/n - 5/10. Suppose m = -4*p - a + 24, 4*p = -2*a + 3*a + 16. List the prime factors of p.
5
Suppose 4*y + 29 = a, -12 = 2*y - a + 5. Let j(p) = 2*p**2 + 12*p + 30. What are the prime factors of j(y)?
2, 3, 5
Let j = 28 - 25. Suppose -212 = j*o - 7*o. List the prime factors of o.
53
Let n(y) = 10*y - 40. Let b be (-30)/(-9)*6 - 4. List the prime factors of n(b).
2, 3, 5
Suppose -2449 - 2483 = 12*l. Let z = -260 - l. What are the prime factors of z?
151
Let w = -107 + 165. What are the prime factors of w?
2, 29
Let u(l) = l**2 + 5*l + 3. Let c be u(-5). Let g = 4 - c. What are the prime factors of (g - 13)/(-2) + -2?
2
Let v = -11 - -3. Let y = v - -10. Suppose 0 = -y*w + 8 + 4. List the prime factors of w.
2, 3
Suppose 1300 = -13*m + 17*m. List the prime factors of m.
5, 13
What are the prime factors of 0*4/16 - -1438?
2, 719
Let v(o) = -o**3 + 30*o**2 - 16*o - 21. What are the prime factors of v(29)?
2, 89
Let d = 18 - 12. What are the prime factors of (d/4)/((-9)/(-762))?
127
Suppose -3*s = -x + 27, -x - 3 = 4*s - 2. Let z = x + 31. What are the prime factors of z?
2, 23
Let a(f) be the second derivative of f**4/6 - 13*f**3/6 + 19*f**2 - 15*f. List the prime factors of a(9).
83
Let d(m) = 4*m**2 - 12*m - 20. List the prime factors of d(-11).
2, 149
Let t be -2*((-240)/39 + (-2)/(-13)). List the prime factors of (-3)/(0 - t) + 2615/20.
131
Suppose 582*j = 589*j - 9772. List the prime factors of j.
2, 349
List the prime factors of 134712/96 - (-3)/12*3.
2, 3, 13
Suppose -z - 45 = -4*u - 331, -3*u = -z + 289. List the prime factors of z.
2, 149
Let h(c) be the first derivative of c**4/4 + 10*c**3/3 - 7*c**2/2 - 30. What are the prime factors of h(-10)?
2, 5, 7
Suppose 7*i = 2*i + 20. List the prime factors of (15805/65 - 5) + i/(-26).
2, 7, 17
Suppose 2*d = -z + 5*d + 864, 0 = -2*z + 3*d + 1716. What are the prime factors of z?
2, 3, 71
What are the prime factors of (-17 - -483)*6/4?
3, 233
Let f be 0 - 0/(-6 + 3). Let y(l) = -3*l + 129. List the prime factors of y(f).
3, 43
Suppose 3*u - 6 = 4*l, 4 = -2*l + u + 2. Suppose l = 2*v - q - 442, 6*v - 221 = 5*v - 2*q. List the prime factors of v.
13, 17
Suppose -9*v + 8320 = -v. List the prime factors of v.
2, 5, 13
Suppose 89 + 15 = -4*s - 4*n, 0 = -2*n - 2. Let a = 36 - 36. List the prime factors of 3/(-3)*s + a.
5
Suppose 1976 = -9*m + 7637. What are the prime factors of m?
17, 37
Suppose 4*d = -25 - 43. Let c = 9 + d. List the prime factors of ((-156)/(-16))/((-3)/c).
2, 13
Suppose 2*h - 2806 = -4*c, -5*c + 5*h - 4*h + 3497 = 0. List the prime factors of c.
2, 5, 7
List the prime factors of (37980/(-16))/(-15)*(-4)/(-1).
3, 211
Suppose -10*n = -7*n - 1629. List the prime factors of n.
3, 181
Let b be 0/(-4) + (-6)/(-3). Suppose b*y + 38 = k - 0*y, -2*k - 5*y = -76. What are the prime factors of k?
2, 19
Suppose -101 = -8*o + 131. Suppose 4*g = -3*d + 233, -d + o = 3*g - 152. What are the prime factors of g?
2, 31
Let r be ((-432)/(-20))/(-3)*5. Let d = 11 - r. Suppose -5*g + 43 + d = 0. What are the prime factors of g?
2, 3
Let s = -263 - -33. Let v = s + 347. List the prime factors of v.
3, 13
Suppose -5*h - 6 = -2*h, -4*l + 14 = -3*h. Let t = -29 + l. Let s = t + 55. What are the prime factors of s?
2, 7
Suppose -8*s + 9 + 15 = 0. Suppose g - 2*m - 63 = 0, -s*m + 189 = 4*g - g. What are the prime factors of g?
3, 7
Let r = 67 - 63. Suppose -w = -4*k + 4*w + 560, r*w = -16. What are the prime factors of k?
3, 5
Suppose 2*d + 3122 = 3*q, -5*q - 4148 = -9*q - d. What are the prime factors of q?
2, 3, 173
Let m = -31 + 32. What are the prime factors of m*(-4 + (-238)/(-2))?
5, 23
Let m(k) = k**3 - 25*k**2 - 13*k - 36. Let z be m(25). Let a = 542 + z. List the prime factors of a.
181
Suppose -3*h = -3*n - 0*h + 1716, 1724 = 3*n - h. What are the prime factors of n?
2, 3
Let o(u) = -959*u + 26. What are the prime factors of o(-2)?
2, 3
List the prime factors of 488 + (4/6)/((-22)/(-66)).
2, 5, 7
Suppose -669 = -2*w + 515. What are the prime factors of w?
2, 37
Suppose 0 = -3*i - 4*h + 77, h + 128 = 4*i - 0*h. Suppose -k - 103 = -5*k - 5*x, 0 = -k + 4*x + i. Suppose 0*n + 3*n - k = 0. List the prime factors of n.
3
Suppose 0 = -j - 3*d + 32, 0 = -j - 0*j + 4*d + 18. Let h(f) = f**2 - 2*f + 7. Let t be h(-3). Let k = t + j. List the prime factors of k.
2, 3
Suppose -13*w + 12527 = -21923. List the prime factors of w.
2, 5, 53
What are the prime factors of 5 + -5 - (0 + -3)?
3
Let t = 9 + -6. Suppose -2*r - 7 = -t. List the prime factors of 3/r - 225/(-6).
2, 3
Let v = -16 - -27. Suppose -3*l + v*l = 1544. What are the prime factors of l?
193
What are the prime factors of (-60)/36*(-135)/6*6?
3, 5
Suppose -z + 571 = -3*o - 2*o, 5*z = 2*o + 210. Let k = 201 + o. What are the prime factors of k?
2, 43
Let r = -8 + 1. Let b = r + 9. Suppose 4*f + 34 = -b*d + 4*d, -10 = 5*f. What are the prime factors of d?
13
What are the prime factors of (-8)/14 + (-66462)/(-154)?
431
Let v(g) be the third derivative of g**5/30 + g**4/4 + 7*g**3/3 + 2*g**2. List the prime factors of v(6).
2, 61
Let f(s) = 8*s**2 - 2*s - 1. Let k be f(-1). Let g = k - 0. List the prime factors of g.
3
Let r(a) = 3*a**3 - 10*a**2 + 109. Let f(k) = 2*k**3 - 7*k**2 + 73. Let i(m) = -7*f(m) + 5*r(m). What are the prime factors of i(0)?
2, 17
Let a = 0 + -3. Let z be (45/(-12))/(a/40). Let u = z + -27. What are the prime factors of u?
23
Let n(u) = u**3 + u + 0*u - 2*u**3. Let d be n(-5). Suppose 4*q = -5*c + d, 4*c - 46 = 2*c - 2*q. What are the prime factors of c?
2, 7
Let a(v) = -16*v**3 - 9*v**3 + 24*v**3 + 1 - 15*v + 21*v**2. What are the prime factors of a(20)?
101
Suppose -2*d + 4*v + 5924 = 0, -d + 22*v - 18*v = -2954. What are the prime factors of d?
2, 3, 5, 11
Let h(c) = 6*c**3 - 2*c**2 + 4*c + 29. Let u(l) = -l**3 - l - 1. Let x(s) = h(s) + 5*u(s). What are the prime factors of x(0)?
2, 3
Let d(b) = 11*b + 9. Let r be d(3). Let f = r - 39. List the prime factors of (-12)/f - (-3